{"id":215,"date":"2024-02-01T16:54:54","date_gmt":"2024-02-01T16:54:54","guid":{"rendered":"https:\/\/www.statekujelinku.com\/?page_id=215"},"modified":"2025-02-06T15:37:58","modified_gmt":"2025-02-06T15:37:58","slug":"kone","status":"publish","type":"page","link":"https:\/\/www.statekujelinku.com\/?page_id=215","title":{"rendered":"Na\u0161i kon\u011b"},"content":{"rendered":"\n<p>N\u00ed\u017ee pro p\u0159\u00edklad\u2b07<\/p>\n\n\n\n<p>Pozn\u00e1mka- Pony Tek\u010da a osli\u010dka Jar\u010da k vod\u011bn\u00ed rovnou na statku.<\/p>\n\n\n\n<p><\/p>\n\n\n\n<h2 class=\"wp-block-heading\">Sajd\u00edk<\/h2>\n\n\n\n<p>(Sayyid Gadda) rn.2009, plnokrevn\u00fd arabsk\u00fd k\u016f\u0148, valach<\/p>\n\n\n\n<p>Vhodn\u00fd pro zku\u0161en\u011bj\u0161\u00ed jezdce, s vodi\u010dem i pro za\u010d\u00e1te\u010dn\u00edky.<\/p>\n\n\n\n<figure class=\"wp-block-image size-large\"><img loading=\"lazy\" decoding=\"async\" width=\"717\" height=\"1024\" src=\"https:\/\/www.statekujelinku.com\/wp-content\/uploads\/2024\/02\/IMG-20231231-WA0032-717x1024.jpg\" alt=\"\" class=\"wp-image-254\" srcset=\"https:\/\/www.statekujelinku.com\/wp-content\/uploads\/2024\/02\/IMG-20231231-WA0032-717x1024.jpg 717w, https:\/\/www.statekujelinku.com\/wp-content\/uploads\/2024\/02\/IMG-20231231-WA0032-210x300.jpg 210w, https:\/\/www.statekujelinku.com\/wp-content\/uploads\/2024\/02\/IMG-20231231-WA0032-768x1097.jpg 768w, https:\/\/www.statekujelinku.com\/wp-content\/uploads\/2024\/02\/IMG-20231231-WA0032-1076x1536.jpg 1076w, https:\/\/www.statekujelinku.com\/wp-content\/uploads\/2024\/02\/IMG-20231231-WA0032.jpg 1434w\" sizes=\"auto, (max-width: 717px) 100vw, 717px\" \/><\/figure>\n\n\n\n<h2 class=\"wp-block-heading\">Tekila<\/h2>\n\n\n\n<p>(Tekla) rn. 2013, welsh part-bred, kobyla<\/p>\n\n\n\n<p>Vhodn\u00e1 pro zku\u0161en\u011bj\u0161\u00ed d\u011bti, s vodi\u010dem i pro za\u010d\u00e1te\u010dn\u00edky.<\/p>\n\n\n\n<figure class=\"wp-block-image size-full\"><img loading=\"lazy\" decoding=\"async\" width=\"720\" height=\"837\" src=\"https:\/\/www.statekujelinku.com\/wp-content\/uploads\/2024\/02\/Screenshot_20230704-1539542.png\" alt=\"\" class=\"wp-image-255\" srcset=\"https:\/\/www.statekujelinku.com\/wp-content\/uploads\/2024\/02\/Screenshot_20230704-1539542.png 720w, https:\/\/www.statekujelinku.com\/wp-content\/uploads\/2024\/02\/Screenshot_20230704-1539542-258x300.png 258w\" sizes=\"auto, (max-width: 720px) 100vw, 720px\" \/><\/figure>\n\n\n\n<h2 class=\"wp-block-heading\">Jaru\u0161ka<\/h2>\n\n\n\n<p>(Jar\u010da) rn. 2007, osel, klisna<\/p>\n\n\n\n<p>Vhodn\u00e1 pro za\u010d\u00e1te\u010dn\u00edky, s vodi\u010dem.<\/p>\n\n\n\n<figure class=\"wp-block-image size-large\"><img loading=\"lazy\" decoding=\"async\" width=\"768\" height=\"1024\" src=\"https:\/\/www.statekujelinku.com\/wp-content\/uploads\/2024\/02\/IMG-20231231-WA0046-768x1024.jpg\" alt=\"\" class=\"wp-image-258\" srcset=\"https:\/\/www.statekujelinku.com\/wp-content\/uploads\/2024\/02\/IMG-20231231-WA0046-768x1024.jpg 768w, https:\/\/www.statekujelinku.com\/wp-content\/uploads\/2024\/02\/IMG-20231231-WA0046-225x300.jpg 225w, https:\/\/www.statekujelinku.com\/wp-content\/uploads\/2024\/02\/IMG-20231231-WA0046-1152x1536.jpg 1152w, https:\/\/www.statekujelinku.com\/wp-content\/uploads\/2024\/02\/IMG-20231231-WA0046.jpg 1500w\" sizes=\"auto, (max-width: 768px) 100vw, 768px\" \/><\/figure>\n\n\n\n<h2 class=\"wp-block-heading\">Edna<\/h2>\n\n\n\n<p>(Ecology Star) nr. 2013, anglick\u00fd plnokrevn\u00edk, kobyla<\/p>\n\n\n\n<p>Vhodn\u00e1 pro zku\u0161en\u011bj\u0161\u00ed jezdce, s vodi\u010dem i pro za\u010d\u00e1te\u010dn\u00edky.<\/p>\n\n\n\n<h2 class=\"wp-block-heading\">Landa<\/h2>\n\n\n\n<p>(Landaron) nr.2014, anglick\u00fd plnokrevn\u00edk, h\u0159ebec<\/p>\n\n\n\n<p>Vhodn\u00fd pro zku\u0161en\u011bj\u0161\u00ed jezdce, s vodi\u010dem i pro za\u010d\u00e1te\u010dn\u00edky.<\/p>\n\n\n\n<h2 class=\"wp-block-heading\">Nela<\/h2>\n\n\n\n<p>(Nela) nr.2010, welsh cob D, kobyla<\/p>\n\n\n\n<p>Vhodn\u00e1 pro za\u010d\u00e1te\u010dn\u00edky<\/p>\n\n\n\n<figure class=\"wp-block-image size-large\"><img loading=\"lazy\" decoding=\"async\" width=\"1024\" height=\"768\" src=\"https:\/\/www.statekujelinku.com\/wp-content\/uploads\/2025\/01\/IMG_20250118_124356-1024x768.jpg\" alt=\"\" class=\"wp-image-615\" srcset=\"https:\/\/www.statekujelinku.com\/wp-content\/uploads\/2025\/01\/IMG_20250118_124356-1024x768.jpg 1024w, https:\/\/www.statekujelinku.com\/wp-content\/uploads\/2025\/01\/IMG_20250118_124356-300x225.jpg 300w, https:\/\/www.statekujelinku.com\/wp-content\/uploads\/2025\/01\/IMG_20250118_124356-768x576.jpg 768w, https:\/\/www.statekujelinku.com\/wp-content\/uploads\/2025\/01\/IMG_20250118_124356-1536x1152.jpg 1536w, https:\/\/www.statekujelinku.com\/wp-content\/uploads\/2025\/01\/IMG_20250118_124356-2048x1536.jpg 2048w, https:\/\/www.statekujelinku.com\/wp-content\/uploads\/2025\/01\/IMG_20250118_124356-48x36.jpg 48w\" sizes=\"auto, (max-width: 1024px) 100vw, 1024px\" \/><\/figure>\n\n\n\n<h2 class=\"wp-block-heading\">Kendy<\/h2>\n\n\n\n<p>(Diamond Candy) nr.2021, qarter horse, valach<\/p>\n\n\n\n<p>Vhodn\u00fd pro d\u011bti, s vodi\u010dem.<\/p>\n\n\n\n<figure class=\"wp-block-image size-large\"><img loading=\"lazy\" decoding=\"async\" width=\"1024\" height=\"768\" src=\"https:\/\/www.statekujelinku.com\/wp-content\/uploads\/2025\/01\/IMG_20250118_124610-1024x768.jpg\" alt=\"\" class=\"wp-image-616\" srcset=\"https:\/\/www.statekujelinku.com\/wp-content\/uploads\/2025\/01\/IMG_20250118_124610-1024x768.jpg 1024w, https:\/\/www.statekujelinku.com\/wp-content\/uploads\/2025\/01\/IMG_20250118_124610-300x225.jpg 300w, https:\/\/www.statekujelinku.com\/wp-content\/uploads\/2025\/01\/IMG_20250118_124610-768x576.jpg 768w, https:\/\/www.statekujelinku.com\/wp-content\/uploads\/2025\/01\/IMG_20250118_124610-1536x1152.jpg 1536w, https:\/\/www.statekujelinku.com\/wp-content\/uploads\/2025\/01\/IMG_20250118_124610-2048x1536.jpg 2048w, https:\/\/www.statekujelinku.com\/wp-content\/uploads\/2025\/01\/IMG_20250118_124610-48x36.jpg 48w\" sizes=\"auto, (max-width: 1024px) 100vw, 1024px\" \/><\/figure>\n\n\n\n<h2 class=\"wp-block-heading\">Pralinka<\/h2>\n\n\n\n<p>(Glanhafren Prydferth) nr.2011, Welsh Cob D<\/p>\n\n\n\n<p>Vhodn\u00e1 pro za\u010d\u00e1te\u010dn\u00edky<\/p>\n\n\n\n<figure class=\"wp-block-image size-large\"><img loading=\"lazy\" decoding=\"async\" width=\"1024\" height=\"768\" src=\"https:\/\/www.statekujelinku.com\/wp-content\/uploads\/2025\/01\/IMG_20250118_124444-1024x768.jpg\" alt=\"\" class=\"wp-image-617\" srcset=\"https:\/\/www.statekujelinku.com\/wp-content\/uploads\/2025\/01\/IMG_20250118_124444-1024x768.jpg 1024w, https:\/\/www.statekujelinku.com\/wp-content\/uploads\/2025\/01\/IMG_20250118_124444-300x225.jpg 300w, https:\/\/www.statekujelinku.com\/wp-content\/uploads\/2025\/01\/IMG_20250118_124444-768x576.jpg 768w, https:\/\/www.statekujelinku.com\/wp-content\/uploads\/2025\/01\/IMG_20250118_124444-1536x1152.jpg 1536w, https:\/\/www.statekujelinku.com\/wp-content\/uploads\/2025\/01\/IMG_20250118_124444-2048x1536.jpg 2048w, https:\/\/www.statekujelinku.com\/wp-content\/uploads\/2025\/01\/IMG_20250118_124444-48x36.jpg 48w\" sizes=\"auto, (max-width: 1024px) 100vw, 1024px\" \/><\/figure>\n\n\n\n<h2 class=\"wp-block-heading\">Niss<\/h2>\n\n\n\n<p>(Niss) nr.2008, \u010desk\u00fd teplokrevn\u00edk, kobyla<\/p>\n\n\n\n<p>Vhodn\u00e1 pro za\u010d\u00e1te\u010dn\u00edky<\/p>\n\n\n\n<h2 class=\"wp-block-heading\">Greys<\/h2>\n\n\n\n<p>(Grey Smokin Gun) nr.2015, american paint horse<\/p>\n\n\n\n<p>Vhodn\u00e1 pro zku\u0161en\u011bj\u0161\u00ed jezdce, s vodi\u010dem i pro za\u010d\u00e1te\u010dn\u00edky.<\/p>\n","protected":false},"excerpt":{"rendered":"<p>N\u00ed\u017ee pro p\u0159\u00edklad\u2b07 Pozn\u00e1mka- Pony Tek\u010da a osli\u010dka Jar\u010da k vod\u011bn\u00ed rovnou na statku. Sajd\u00edk (Sayyid Gadda) rn.2009, plnokrevn\u00fd arabsk\u00fd k\u016f\u0148, valach Vhodn\u00fd pro zku\u0161en\u011bj\u0161\u00ed jezdce, s vodi\u010dem i pro za\u010d\u00e1te\u010dn\u00edky. Tekila (Tekla) rn. 2013, welsh part-bred, kobyla Vhodn\u00e1 pro zku\u0161en\u011bj\u0161\u00ed d\u011bti, s vodi\u010dem i pro za\u010d\u00e1te\u010dn\u00edky. Jaru\u0161ka (Jar\u010da) rn. 2007, osel, klisna Vhodn\u00e1 pro &hellip;<\/p>\n<p class=\"read-more\"> <a class=\" thunk-readmore button \" href=\"https:\/\/www.statekujelinku.com\/?page_id=215\"> <span class=\"screen-reader-text\">Na\u0161i kon\u011b<\/span>Read More<\/a><\/p>\n","protected":false},"author":1,"featured_media":0,"parent":0,"menu_order":0,"comment_status":"closed","ping_status":"closed","template":"","meta":{"footnotes":""},"class_list":["post-215","page","type-page","status-publish","hentry"],"_links":{"self":[{"href":"https:\/\/www.statekujelinku.com\/index.php?rest_route=\/wp\/v2\/pages\/215","targetHints":{"allow":["GET"]}}],"collection":[{"href":"https:\/\/www.statekujelinku.com\/index.php?rest_route=\/wp\/v2\/pages"}],"about":[{"href":"https:\/\/www.statekujelinku.com\/index.php?rest_route=\/wp\/v2\/types\/page"}],"author":[{"embeddable":true,"href":"https:\/\/www.statekujelinku.com\/index.php?rest_route=\/wp\/v2\/users\/1"}],"replies":[{"embeddable":true,"href":"https:\/\/www.statekujelinku.com\/index.php?rest_route=%2Fwp%2Fv2%2Fcomments&post=215"}],"version-history":[{"count":15,"href":"https:\/\/www.statekujelinku.com\/index.php?rest_route=\/wp\/v2\/pages\/215\/revisions"}],"predecessor-version":[{"id":638,"href":"https:\/\/www.statekujelinku.com\/index.php?rest_route=\/wp\/v2\/pages\/215\/revisions\/638"}],"wp:attachment":[{"href":"https:\/\/www.statekujelinku.com\/index.php?rest_route=%2Fwp%2Fv2%2Fmedia&parent=215"}],"curies":[{"name":"wp","href":"https:\/\/api.w.org\/{rel}","templated":true}]}}