{"id":265,"date":"2024-02-04T16:11:50","date_gmt":"2024-02-04T16:11:50","guid":{"rendered":"https:\/\/www.statekujelinku.com\/?page_id=265"},"modified":"2025-09-09T13:33:38","modified_gmt":"2025-09-09T13:33:38","slug":"vyjizdky-na-konich","status":"publish","type":"page","link":"https:\/\/www.statekujelinku.com\/?page_id=265","title":{"rendered":"Vyj\u00ed\u017e\u010fky na kon\u00edch"},"content":{"rendered":"\n<p>Vyb\u00edrejte podle kon\u00edka v sekci &#8222;<a href=\"https:\/\/www.statekujelinku.com\/?page_id=215\" data-type=\"link\" data-id=\"https:\/\/www.statekujelinku.com\/?page_id=215\">na\u0161i kon\u011b<\/a>&#8220; a podle sv\u00fdch schopnost\u00ed, dovednost\u00ed a simpati\u00ed<\/p>\n\n\n\n<h2 class=\"wp-block-heading\">Cen\u00edk<\/h2>\n\n\n\n<p>Vyj\u00ed\u017e\u010fka 1 osoba 1 hod \u010dist\u00e9ho \u010dasu 500.- <\/p>\n\n\n\n<p>Vyj\u00ed\u017e\u010fky jsou vedeny formou pron\u00e1jmu kon\u011b s doprovodem vodi\u010de.<\/p>\n\n\n\n<p>Zdarma zap\u016fj\u010den\u00ed ochrann\u00fdch pom\u016fcek. P\u0159ilba, vesta. <\/p>\n\n\n\n<p>Kdy nasednout na kon\u011b? Nejl\u00e9pe od 14.00 do 17.00 hod ka\u017ed\u00fd v\u0161edn\u00ed den i v\u00edkend.<\/p>\n\n\n\n<p>N\u011bkdo na vod\u011bn\u00ed se v na\u0161\u00ed part\u011b v\u017edy najde. Jin\u00fd \u010dasov\u00fd horizont je t\u0159eba domluvit telefonicky na<a href=\"https:\/\/www.statekujelinku.com\/?page_id=373\" data-type=\"link\" data-id=\"https:\/\/www.statekujelinku.com\/?page_id=373\"> kontaktech.<\/a><\/p>\n\n\n\n<p>Pro nejmen\u0161\u00ed, je tu vyj\u00ed\u017e\u010fka na osl\u00edku a pon\u00edku rovnou ze dvora t\u0159eba po vsi a p\u0159ilehl\u00edch louk\u00e1ch.<\/p>\n\n\n\n<div class=\"wp-block-group is-layout-constrained wp-block-group-is-layout-constrained\">\n<div class=\"wp-block-buttons is-layout-flex wp-block-buttons-is-layout-flex\">\n<div class=\"wp-block-button is-style-outline is-style-outline--1\"><a class=\"wp-block-button__link wp-element-button\" href=\"https:\/\/www.statekujelinku.com\/?page_id=343\">Mapy vyj\u00ed\u017ed\u011bk a v\u00fdlet\u016f<\/a><\/div>\n\n\n\n<div class=\"wp-block-button is-style-outline is-style-outline--2\"><a class=\"wp-block-button__link wp-element-button\" href=\"https:\/\/www.statekujelinku.com\/?page_id=161\">Mapy<\/a><\/div>\n<\/div>\n<\/div>\n\n\n\n<p><\/p>\n\n\n\n<figure class=\"wp-block-image size-large\"><img loading=\"lazy\" decoding=\"async\" width=\"512\" height=\"1024\" src=\"https:\/\/www.statekujelinku.com\/wp-content\/uploads\/2024\/02\/IMG-20231231-WA0020-512x1024.jpg\" alt=\"\" class=\"wp-image-266\" srcset=\"https:\/\/www.statekujelinku.com\/wp-content\/uploads\/2024\/02\/IMG-20231231-WA0020-512x1024.jpg 512w, https:\/\/www.statekujelinku.com\/wp-content\/uploads\/2024\/02\/IMG-20231231-WA0020-150x300.jpg 150w, https:\/\/www.statekujelinku.com\/wp-content\/uploads\/2024\/02\/IMG-20231231-WA0020-768x1536.jpg 768w, https:\/\/www.statekujelinku.com\/wp-content\/uploads\/2024\/02\/IMG-20231231-WA0020.jpg 992w\" sizes=\"auto, (max-width: 512px) 100vw, 512px\" \/><\/figure>\n\n\n","protected":false},"excerpt":{"rendered":"<p>Vyb\u00edrejte podle kon\u00edka v sekci &#8222;na\u0161i kon\u011b&#8220; a podle sv\u00fdch schopnost\u00ed, dovednost\u00ed a simpati\u00ed Cen\u00edk Vyj\u00ed\u017e\u010fka 1 osoba 1 hod \u010dist\u00e9ho \u010dasu 500.- Vyj\u00ed\u017e\u010fky jsou vedeny formou pron\u00e1jmu kon\u011b s doprovodem vodi\u010de. Zdarma zap\u016fj\u010den\u00ed ochrann\u00fdch pom\u016fcek. P\u0159ilba, vesta. Kdy nasednout na kon\u011b? Nejl\u00e9pe od 14.00 do 17.00 hod ka\u017ed\u00fd v\u0161edn\u00ed den i v\u00edkend. N\u011bkdo na &hellip;<\/p>\n<p class=\"read-more\"> <a class=\" thunk-readmore button \" href=\"https:\/\/www.statekujelinku.com\/?page_id=265\"> <span class=\"screen-reader-text\">Vyj\u00ed\u017e\u010fky na kon\u00edch<\/span>Read More<\/a><\/p>\n","protected":false},"author":1,"featured_media":0,"parent":0,"menu_order":0,"comment_status":"closed","ping_status":"closed","template":"","meta":{"footnotes":""},"class_list":["post-265","page","type-page","status-publish","hentry"],"_links":{"self":[{"href":"https:\/\/www.statekujelinku.com\/index.php?rest_route=\/wp\/v2\/pages\/265","targetHints":{"allow":["GET"]}}],"collection":[{"href":"https:\/\/www.statekujelinku.com\/index.php?rest_route=\/wp\/v2\/pages"}],"about":[{"href":"https:\/\/www.statekujelinku.com\/index.php?rest_route=\/wp\/v2\/types\/page"}],"author":[{"embeddable":true,"href":"https:\/\/www.statekujelinku.com\/index.php?rest_route=\/wp\/v2\/users\/1"}],"replies":[{"embeddable":true,"href":"https:\/\/www.statekujelinku.com\/index.php?rest_route=%2Fwp%2Fv2%2Fcomments&post=265"}],"version-history":[{"count":9,"href":"https:\/\/www.statekujelinku.com\/index.php?rest_route=\/wp\/v2\/pages\/265\/revisions"}],"predecessor-version":[{"id":812,"href":"https:\/\/www.statekujelinku.com\/index.php?rest_route=\/wp\/v2\/pages\/265\/revisions\/812"}],"wp:attachment":[{"href":"https:\/\/www.statekujelinku.com\/index.php?rest_route=%2Fwp%2Fv2%2Fmedia&parent=265"}],"curies":[{"name":"wp","href":"https:\/\/api.w.org\/{rel}","templated":true}]}}