{"id":293,"date":"2024-02-08T15:19:15","date_gmt":"2024-02-08T15:19:15","guid":{"rendered":"https:\/\/www.statekujelinku.com\/?page_id=293"},"modified":"2025-10-05T10:41:33","modified_gmt":"2025-10-05T10:41:33","slug":"konohrani","status":"publish","type":"page","link":"https:\/\/www.statekujelinku.com\/?page_id=293","title":{"rendered":"Ko\u0148ohran\u00ed"},"content":{"rendered":"\n<p>Ka\u017edoro\u010dn\u00ed akce konan\u00e1 na podzim na na\u0161\u00ed j\u00edzd\u00e1rni\u010dce se spoustou sout\u011b\u017e\u00ed a hlavn\u011b rancem legrace.<\/p>\n\n\n\n<figure class=\"wp-block-image size-full\"><img loading=\"lazy\" decoding=\"async\" width=\"720\" height=\"720\" src=\"https:\/\/www.statekujelinku.com\/wp-content\/uploads\/2024\/02\/Screenshot_20230711-0021532.png\" alt=\"\" class=\"wp-image-294\" srcset=\"https:\/\/www.statekujelinku.com\/wp-content\/uploads\/2024\/02\/Screenshot_20230711-0021532.png 720w, https:\/\/www.statekujelinku.com\/wp-content\/uploads\/2024\/02\/Screenshot_20230711-0021532-300x300.png 300w, https:\/\/www.statekujelinku.com\/wp-content\/uploads\/2024\/02\/Screenshot_20230711-0021532-150x150.png 150w\" sizes=\"auto, (max-width: 720px) 100vw, 720px\" \/><\/figure>\n\n\n\n<figure class=\"wp-block-image size-large\"><img loading=\"lazy\" decoding=\"async\" width=\"682\" height=\"1024\" src=\"http:\/\/www.statekujelinku.com\/wp-content\/uploads\/2025\/10\/IMG-20251005-WA0000-682x1024.jpg\" alt=\"\" class=\"wp-image-848\" srcset=\"https:\/\/www.statekujelinku.com\/wp-content\/uploads\/2025\/10\/IMG-20251005-WA0000-682x1024.jpg 682w, https:\/\/www.statekujelinku.com\/wp-content\/uploads\/2025\/10\/IMG-20251005-WA0000-200x300.jpg 200w, https:\/\/www.statekujelinku.com\/wp-content\/uploads\/2025\/10\/IMG-20251005-WA0000-768x1153.jpg 768w, https:\/\/www.statekujelinku.com\/wp-content\/uploads\/2025\/10\/IMG-20251005-WA0000-1023x1536.jpg 1023w, https:\/\/www.statekujelinku.com\/wp-content\/uploads\/2025\/10\/IMG-20251005-WA0000-48x72.jpg 48w, https:\/\/www.statekujelinku.com\/wp-content\/uploads\/2025\/10\/IMG-20251005-WA0000.jpg 1066w\" sizes=\"auto, (max-width: 682px) 100vw, 682px\" \/><\/figure>\n\n\n\n<p>M\u00edsto kon\u00e1n\u00ed Ko\u0148ohran\u00ed <\/p>\n\n\n\n<figure class=\"wp-block-image size-large\"><img loading=\"lazy\" decoding=\"async\" width=\"461\" height=\"1024\" src=\"http:\/\/www.statekujelinku.com\/wp-content\/uploads\/2024\/10\/Screenshot_20241025-082203-461x1024.png\" alt=\"\" class=\"wp-image-523\" srcset=\"https:\/\/www.statekujelinku.com\/wp-content\/uploads\/2024\/10\/Screenshot_20241025-082203-461x1024.png 461w, https:\/\/www.statekujelinku.com\/wp-content\/uploads\/2024\/10\/Screenshot_20241025-082203-135x300.png 135w, https:\/\/www.statekujelinku.com\/wp-content\/uploads\/2024\/10\/Screenshot_20241025-082203-691x1536.png 691w, https:\/\/www.statekujelinku.com\/wp-content\/uploads\/2024\/10\/Screenshot_20241025-082203-48x107.png 48w, https:\/\/www.statekujelinku.com\/wp-content\/uploads\/2024\/10\/Screenshot_20241025-082203.png 720w\" sizes=\"auto, (max-width: 461px) 100vw, 461px\" \/><\/figure>\n\n\n\n<figure class=\"wp-block-image size-large\"><img loading=\"lazy\" decoding=\"async\" width=\"1024\" height=\"683\" src=\"https:\/\/www.statekujelinku.com\/wp-content\/uploads\/2024\/11\/1000017243-1024x683.jpg\" alt=\"\" class=\"wp-image-528\" srcset=\"https:\/\/www.statekujelinku.com\/wp-content\/uploads\/2024\/11\/1000017243-1024x683.jpg 1024w, https:\/\/www.statekujelinku.com\/wp-content\/uploads\/2024\/11\/1000017243-300x200.jpg 300w, https:\/\/www.statekujelinku.com\/wp-content\/uploads\/2024\/11\/1000017243-768x512.jpg 768w, https:\/\/www.statekujelinku.com\/wp-content\/uploads\/2024\/11\/1000017243-1536x1024.jpg 1536w, https:\/\/www.statekujelinku.com\/wp-content\/uploads\/2024\/11\/1000017243-2048x1365.jpg 2048w, https:\/\/www.statekujelinku.com\/wp-content\/uploads\/2024\/11\/1000017243-48x32.jpg 48w\" sizes=\"auto, (max-width: 1024px) 100vw, 1024px\" \/><\/figure>\n\n\n\n<figure class=\"wp-block-image size-large\"><img loading=\"lazy\" decoding=\"async\" width=\"1024\" height=\"683\" src=\"https:\/\/www.statekujelinku.com\/wp-content\/uploads\/2024\/11\/1000017244-1024x683.jpg\" alt=\"\" class=\"wp-image-530\" srcset=\"https:\/\/www.statekujelinku.com\/wp-content\/uploads\/2024\/11\/1000017244-1024x683.jpg 1024w, https:\/\/www.statekujelinku.com\/wp-content\/uploads\/2024\/11\/1000017244-300x200.jpg 300w, https:\/\/www.statekujelinku.com\/wp-content\/uploads\/2024\/11\/1000017244-768x512.jpg 768w, https:\/\/www.statekujelinku.com\/wp-content\/uploads\/2024\/11\/1000017244-1536x1024.jpg 1536w, https:\/\/www.statekujelinku.com\/wp-content\/uploads\/2024\/11\/1000017244-2048x1365.jpg 2048w, https:\/\/www.statekujelinku.com\/wp-content\/uploads\/2024\/11\/1000017244-48x32.jpg 48w\" sizes=\"auto, (max-width: 1024px) 100vw, 1024px\" \/><\/figure>\n\n\n\n<figure class=\"wp-block-image size-large\"><img loading=\"lazy\" decoding=\"async\" width=\"1024\" height=\"683\" src=\"https:\/\/www.statekujelinku.com\/wp-content\/uploads\/2024\/11\/1000017245-1024x683.jpg\" alt=\"\" class=\"wp-image-531\" srcset=\"https:\/\/www.statekujelinku.com\/wp-content\/uploads\/2024\/11\/1000017245-1024x683.jpg 1024w, https:\/\/www.statekujelinku.com\/wp-content\/uploads\/2024\/11\/1000017245-300x200.jpg 300w, https:\/\/www.statekujelinku.com\/wp-content\/uploads\/2024\/11\/1000017245-768x512.jpg 768w, https:\/\/www.statekujelinku.com\/wp-content\/uploads\/2024\/11\/1000017245-1536x1024.jpg 1536w, https:\/\/www.statekujelinku.com\/wp-content\/uploads\/2024\/11\/1000017245-2048x1365.jpg 2048w, https:\/\/www.statekujelinku.com\/wp-content\/uploads\/2024\/11\/1000017245-48x32.jpg 48w\" sizes=\"auto, (max-width: 1024px) 100vw, 1024px\" \/><\/figure>\n\n\n\n<figure class=\"wp-block-image size-large\"><img loading=\"lazy\" decoding=\"async\" width=\"1024\" height=\"683\" src=\"https:\/\/www.statekujelinku.com\/wp-content\/uploads\/2024\/11\/1000017246-1024x683.jpg\" alt=\"\" class=\"wp-image-532\" srcset=\"https:\/\/www.statekujelinku.com\/wp-content\/uploads\/2024\/11\/1000017246-1024x683.jpg 1024w, https:\/\/www.statekujelinku.com\/wp-content\/uploads\/2024\/11\/1000017246-300x200.jpg 300w, https:\/\/www.statekujelinku.com\/wp-content\/uploads\/2024\/11\/1000017246-768x512.jpg 768w, https:\/\/www.statekujelinku.com\/wp-content\/uploads\/2024\/11\/1000017246-1536x1024.jpg 1536w, https:\/\/www.statekujelinku.com\/wp-content\/uploads\/2024\/11\/1000017246-2048x1365.jpg 2048w, https:\/\/www.statekujelinku.com\/wp-content\/uploads\/2024\/11\/1000017246-48x32.jpg 48w\" sizes=\"auto, (max-width: 1024px) 100vw, 1024px\" \/><\/figure>\n\n\n\n<figure class=\"wp-block-image size-large\"><img loading=\"lazy\" decoding=\"async\" width=\"1024\" height=\"683\" src=\"https:\/\/www.statekujelinku.com\/wp-content\/uploads\/2024\/11\/1000017247-1024x683.jpg\" alt=\"\" class=\"wp-image-533\" srcset=\"https:\/\/www.statekujelinku.com\/wp-content\/uploads\/2024\/11\/1000017247-1024x683.jpg 1024w, https:\/\/www.statekujelinku.com\/wp-content\/uploads\/2024\/11\/1000017247-300x200.jpg 300w, https:\/\/www.statekujelinku.com\/wp-content\/uploads\/2024\/11\/1000017247-768x512.jpg 768w, https:\/\/www.statekujelinku.com\/wp-content\/uploads\/2024\/11\/1000017247-1536x1024.jpg 1536w, https:\/\/www.statekujelinku.com\/wp-content\/uploads\/2024\/11\/1000017247-2048x1365.jpg 2048w, https:\/\/www.statekujelinku.com\/wp-content\/uploads\/2024\/11\/1000017247-48x32.jpg 48w\" sizes=\"auto, (max-width: 1024px) 100vw, 1024px\" \/><\/figure>\n\n\n\n<figure class=\"wp-block-image size-large\"><img loading=\"lazy\" decoding=\"async\" width=\"683\" height=\"1024\" src=\"https:\/\/www.statekujelinku.com\/wp-content\/uploads\/2024\/11\/1000017248-683x1024.jpg\" alt=\"\" class=\"wp-image-534\" srcset=\"https:\/\/www.statekujelinku.com\/wp-content\/uploads\/2024\/11\/1000017248-683x1024.jpg 683w, https:\/\/www.statekujelinku.com\/wp-content\/uploads\/2024\/11\/1000017248-200x300.jpg 200w, https:\/\/www.statekujelinku.com\/wp-content\/uploads\/2024\/11\/1000017248-768x1152.jpg 768w, https:\/\/www.statekujelinku.com\/wp-content\/uploads\/2024\/11\/1000017248-1024x1536.jpg 1024w, https:\/\/www.statekujelinku.com\/wp-content\/uploads\/2024\/11\/1000017248-1365x2048.jpg 1365w, https:\/\/www.statekujelinku.com\/wp-content\/uploads\/2024\/11\/1000017248-48x72.jpg 48w, https:\/\/www.statekujelinku.com\/wp-content\/uploads\/2024\/11\/1000017248-scaled.jpg 1707w\" sizes=\"auto, (max-width: 683px) 100vw, 683px\" \/><\/figure>\n\n\n\n<figure class=\"wp-block-image size-large\"><img loading=\"lazy\" decoding=\"async\" width=\"1024\" height=\"683\" src=\"https:\/\/www.statekujelinku.com\/wp-content\/uploads\/2024\/11\/1000017249-1024x683.jpg\" alt=\"\" class=\"wp-image-535\" srcset=\"https:\/\/www.statekujelinku.com\/wp-content\/uploads\/2024\/11\/1000017249-1024x683.jpg 1024w, https:\/\/www.statekujelinku.com\/wp-content\/uploads\/2024\/11\/1000017249-300x200.jpg 300w, https:\/\/www.statekujelinku.com\/wp-content\/uploads\/2024\/11\/1000017249-768x512.jpg 768w, https:\/\/www.statekujelinku.com\/wp-content\/uploads\/2024\/11\/1000017249-1536x1024.jpg 1536w, https:\/\/www.statekujelinku.com\/wp-content\/uploads\/2024\/11\/1000017249-2048x1365.jpg 2048w, https:\/\/www.statekujelinku.com\/wp-content\/uploads\/2024\/11\/1000017249-48x32.jpg 48w\" sizes=\"auto, (max-width: 1024px) 100vw, 1024px\" \/><\/figure>\n\n\n\n<figure class=\"wp-block-image size-large\"><img loading=\"lazy\" decoding=\"async\" width=\"683\" height=\"1024\" src=\"https:\/\/www.statekujelinku.com\/wp-content\/uploads\/2024\/11\/1000017250-683x1024.jpg\" alt=\"\" class=\"wp-image-536\" srcset=\"https:\/\/www.statekujelinku.com\/wp-content\/uploads\/2024\/11\/1000017250-683x1024.jpg 683w, https:\/\/www.statekujelinku.com\/wp-content\/uploads\/2024\/11\/1000017250-200x300.jpg 200w, https:\/\/www.statekujelinku.com\/wp-content\/uploads\/2024\/11\/1000017250-768x1152.jpg 768w, https:\/\/www.statekujelinku.com\/wp-content\/uploads\/2024\/11\/1000017250-1024x1536.jpg 1024w, https:\/\/www.statekujelinku.com\/wp-content\/uploads\/2024\/11\/1000017250-1365x2048.jpg 1365w, https:\/\/www.statekujelinku.com\/wp-content\/uploads\/2024\/11\/1000017250-48x72.jpg 48w, https:\/\/www.statekujelinku.com\/wp-content\/uploads\/2024\/11\/1000017250-scaled.jpg 1707w\" sizes=\"auto, (max-width: 683px) 100vw, 683px\" \/><\/figure>\n\n\n\n<figure class=\"wp-block-image size-large\"><img loading=\"lazy\" decoding=\"async\" width=\"1024\" height=\"683\" src=\"https:\/\/www.statekujelinku.com\/wp-content\/uploads\/2024\/11\/1000017251-1024x683.jpg\" alt=\"\" class=\"wp-image-537\" srcset=\"https:\/\/www.statekujelinku.com\/wp-content\/uploads\/2024\/11\/1000017251-1024x683.jpg 1024w, https:\/\/www.statekujelinku.com\/wp-content\/uploads\/2024\/11\/1000017251-300x200.jpg 300w, https:\/\/www.statekujelinku.com\/wp-content\/uploads\/2024\/11\/1000017251-768x512.jpg 768w, https:\/\/www.statekujelinku.com\/wp-content\/uploads\/2024\/11\/1000017251-1536x1024.jpg 1536w, https:\/\/www.statekujelinku.com\/wp-content\/uploads\/2024\/11\/1000017251-2048x1365.jpg 2048w, https:\/\/www.statekujelinku.com\/wp-content\/uploads\/2024\/11\/1000017251-48x32.jpg 48w\" sizes=\"auto, (max-width: 1024px) 100vw, 1024px\" \/><\/figure>\n\n\n\n<figure class=\"wp-block-image size-large\"><img loading=\"lazy\" decoding=\"async\" width=\"683\" height=\"1024\" src=\"https:\/\/www.statekujelinku.com\/wp-content\/uploads\/2024\/11\/1000017252-683x1024.jpg\" alt=\"\" class=\"wp-image-538\" srcset=\"https:\/\/www.statekujelinku.com\/wp-content\/uploads\/2024\/11\/1000017252-683x1024.jpg 683w, https:\/\/www.statekujelinku.com\/wp-content\/uploads\/2024\/11\/1000017252-200x300.jpg 200w, https:\/\/www.statekujelinku.com\/wp-content\/uploads\/2024\/11\/1000017252-768x1152.jpg 768w, https:\/\/www.statekujelinku.com\/wp-content\/uploads\/2024\/11\/1000017252-1024x1536.jpg 1024w, https:\/\/www.statekujelinku.com\/wp-content\/uploads\/2024\/11\/1000017252-1365x2048.jpg 1365w, https:\/\/www.statekujelinku.com\/wp-content\/uploads\/2024\/11\/1000017252-48x72.jpg 48w, https:\/\/www.statekujelinku.com\/wp-content\/uploads\/2024\/11\/1000017252-scaled.jpg 1707w\" sizes=\"auto, (max-width: 683px) 100vw, 683px\" \/><\/figure>\n\n\n\n<figure class=\"wp-block-image size-large\"><img loading=\"lazy\" decoding=\"async\" width=\"683\" height=\"1024\" src=\"https:\/\/www.statekujelinku.com\/wp-content\/uploads\/2024\/11\/1000017253-683x1024.jpg\" alt=\"\" class=\"wp-image-539\" srcset=\"https:\/\/www.statekujelinku.com\/wp-content\/uploads\/2024\/11\/1000017253-683x1024.jpg 683w, https:\/\/www.statekujelinku.com\/wp-content\/uploads\/2024\/11\/1000017253-200x300.jpg 200w, https:\/\/www.statekujelinku.com\/wp-content\/uploads\/2024\/11\/1000017253-768x1152.jpg 768w, https:\/\/www.statekujelinku.com\/wp-content\/uploads\/2024\/11\/1000017253-1024x1536.jpg 1024w, https:\/\/www.statekujelinku.com\/wp-content\/uploads\/2024\/11\/1000017253-1365x2048.jpg 1365w, https:\/\/www.statekujelinku.com\/wp-content\/uploads\/2024\/11\/1000017253-48x72.jpg 48w, https:\/\/www.statekujelinku.com\/wp-content\/uploads\/2024\/11\/1000017253-scaled.jpg 1707w\" sizes=\"auto, (max-width: 683px) 100vw, 683px\" \/><\/figure>\n\n\n\n<figure class=\"wp-block-image size-large\"><img loading=\"lazy\" decoding=\"async\" width=\"683\" height=\"1024\" src=\"https:\/\/www.statekujelinku.com\/wp-content\/uploads\/2024\/11\/1000017254-683x1024.jpg\" alt=\"\" class=\"wp-image-540\" srcset=\"https:\/\/www.statekujelinku.com\/wp-content\/uploads\/2024\/11\/1000017254-683x1024.jpg 683w, https:\/\/www.statekujelinku.com\/wp-content\/uploads\/2024\/11\/1000017254-200x300.jpg 200w, https:\/\/www.statekujelinku.com\/wp-content\/uploads\/2024\/11\/1000017254-768x1152.jpg 768w, https:\/\/www.statekujelinku.com\/wp-content\/uploads\/2024\/11\/1000017254-1024x1536.jpg 1024w, https:\/\/www.statekujelinku.com\/wp-content\/uploads\/2024\/11\/1000017254-1365x2048.jpg 1365w, https:\/\/www.statekujelinku.com\/wp-content\/uploads\/2024\/11\/1000017254-48x72.jpg 48w, https:\/\/www.statekujelinku.com\/wp-content\/uploads\/2024\/11\/1000017254-scaled.jpg 1707w\" sizes=\"auto, (max-width: 683px) 100vw, 683px\" \/><\/figure>\n\n\n\n<figure class=\"wp-block-image size-large\"><img loading=\"lazy\" decoding=\"async\" width=\"683\" height=\"1024\" src=\"https:\/\/www.statekujelinku.com\/wp-content\/uploads\/2024\/11\/1000017255-683x1024.jpg\" alt=\"\" class=\"wp-image-541\" srcset=\"https:\/\/www.statekujelinku.com\/wp-content\/uploads\/2024\/11\/1000017255-683x1024.jpg 683w, https:\/\/www.statekujelinku.com\/wp-content\/uploads\/2024\/11\/1000017255-200x300.jpg 200w, https:\/\/www.statekujelinku.com\/wp-content\/uploads\/2024\/11\/1000017255-768x1152.jpg 768w, https:\/\/www.statekujelinku.com\/wp-content\/uploads\/2024\/11\/1000017255-1024x1536.jpg 1024w, https:\/\/www.statekujelinku.com\/wp-content\/uploads\/2024\/11\/1000017255-1366x2048.jpg 1366w, https:\/\/www.statekujelinku.com\/wp-content\/uploads\/2024\/11\/1000017255-48x72.jpg 48w, https:\/\/www.statekujelinku.com\/wp-content\/uploads\/2024\/11\/1000017255-scaled.jpg 1707w\" sizes=\"auto, (max-width: 683px) 100vw, 683px\" \/><\/figure>\n\n\n\n<figure class=\"wp-block-image size-large\"><img loading=\"lazy\" decoding=\"async\" width=\"683\" height=\"1024\" src=\"https:\/\/www.statekujelinku.com\/wp-content\/uploads\/2024\/11\/1000017260-683x1024.jpg\" alt=\"\" class=\"wp-image-542\" srcset=\"https:\/\/www.statekujelinku.com\/wp-content\/uploads\/2024\/11\/1000017260-683x1024.jpg 683w, https:\/\/www.statekujelinku.com\/wp-content\/uploads\/2024\/11\/1000017260-200x300.jpg 200w, https:\/\/www.statekujelinku.com\/wp-content\/uploads\/2024\/11\/1000017260-768x1152.jpg 768w, https:\/\/www.statekujelinku.com\/wp-content\/uploads\/2024\/11\/1000017260-1024x1536.jpg 1024w, https:\/\/www.statekujelinku.com\/wp-content\/uploads\/2024\/11\/1000017260-1365x2048.jpg 1365w, https:\/\/www.statekujelinku.com\/wp-content\/uploads\/2024\/11\/1000017260-48x72.jpg 48w, https:\/\/www.statekujelinku.com\/wp-content\/uploads\/2024\/11\/1000017260-scaled.jpg 1707w\" sizes=\"auto, (max-width: 683px) 100vw, 683px\" \/><\/figure>\n\n\n\n<figure class=\"wp-block-image size-large\"><img loading=\"lazy\" decoding=\"async\" width=\"683\" height=\"1024\" src=\"https:\/\/www.statekujelinku.com\/wp-content\/uploads\/2024\/11\/1000017261-683x1024.jpg\" alt=\"\" class=\"wp-image-543\" srcset=\"https:\/\/www.statekujelinku.com\/wp-content\/uploads\/2024\/11\/1000017261-683x1024.jpg 683w, https:\/\/www.statekujelinku.com\/wp-content\/uploads\/2024\/11\/1000017261-200x300.jpg 200w, https:\/\/www.statekujelinku.com\/wp-content\/uploads\/2024\/11\/1000017261-768x1152.jpg 768w, https:\/\/www.statekujelinku.com\/wp-content\/uploads\/2024\/11\/1000017261-1024x1536.jpg 1024w, https:\/\/www.statekujelinku.com\/wp-content\/uploads\/2024\/11\/1000017261-1365x2048.jpg 1365w, https:\/\/www.statekujelinku.com\/wp-content\/uploads\/2024\/11\/1000017261-48x72.jpg 48w, https:\/\/www.statekujelinku.com\/wp-content\/uploads\/2024\/11\/1000017261.jpg 1665w\" sizes=\"auto, (max-width: 683px) 100vw, 683px\" \/><\/figure>\n","protected":false},"excerpt":{"rendered":"<p>Ka\u017edoro\u010dn\u00ed akce konan\u00e1 na podzim na na\u0161\u00ed j\u00edzd\u00e1rni\u010dce se spoustou sout\u011b\u017e\u00ed a hlavn\u011b rancem legrace. M\u00edsto kon\u00e1n\u00ed Ko\u0148ohran\u00ed<\/p>\n","protected":false},"author":1,"featured_media":0,"parent":0,"menu_order":0,"comment_status":"closed","ping_status":"closed","template":"","meta":{"footnotes":""},"class_list":["post-293","page","type-page","status-publish","hentry"],"_links":{"self":[{"href":"https:\/\/www.statekujelinku.com\/index.php?rest_route=\/wp\/v2\/pages\/293","targetHints":{"allow":["GET"]}}],"collection":[{"href":"https:\/\/www.statekujelinku.com\/index.php?rest_route=\/wp\/v2\/pages"}],"about":[{"href":"https:\/\/www.statekujelinku.com\/index.php?rest_route=\/wp\/v2\/types\/page"}],"author":[{"embeddable":true,"href":"https:\/\/www.statekujelinku.com\/index.php?rest_route=\/wp\/v2\/users\/1"}],"replies":[{"embeddable":true,"href":"https:\/\/www.statekujelinku.com\/index.php?rest_route=%2Fwp%2Fv2%2Fcomments&post=293"}],"version-history":[{"count":5,"href":"https:\/\/www.statekujelinku.com\/index.php?rest_route=\/wp\/v2\/pages\/293\/revisions"}],"predecessor-version":[{"id":849,"href":"https:\/\/www.statekujelinku.com\/index.php?rest_route=\/wp\/v2\/pages\/293\/revisions\/849"}],"wp:attachment":[{"href":"https:\/\/www.statekujelinku.com\/index.php?rest_route=%2Fwp%2Fv2%2Fmedia&parent=293"}],"curies":[{"name":"wp","href":"https:\/\/api.w.org\/{rel}","templated":true}]}}