{"id":34,"date":"2023-12-30T17:17:02","date_gmt":"2023-12-30T17:17:02","guid":{"rendered":"https:\/\/www.statekujelinku.com\/?page_id=34"},"modified":"2025-06-02T17:22:55","modified_gmt":"2025-06-02T17:22:55","slug":"vitej-na-dvore","status":"publish","type":"page","link":"https:\/\/www.statekujelinku.com\/?page_id=34","title":{"rendered":"N\u00e1\u0161 dv\u016fr"},"content":{"rendered":"\n<p><\/p>\n\n\n\n<p class=\"has-upper-heading-font-size\">Statek malovan\u00fd bratrem akademick\u00e9ho mal\u00ed\u0159e Ulmana<\/p>\n\n\n\n<figure class=\"wp-block-image size-large\"><img loading=\"lazy\" decoding=\"async\" width=\"1024\" height=\"768\" src=\"https:\/\/www.statekujelinku.com\/wp-content\/uploads\/2024\/01\/IMG_20231230_154001-1024x768.jpg\" alt=\"\" class=\"wp-image-118\" srcset=\"https:\/\/www.statekujelinku.com\/wp-content\/uploads\/2024\/01\/IMG_20231230_154001-1024x768.jpg 1024w, https:\/\/www.statekujelinku.com\/wp-content\/uploads\/2024\/01\/IMG_20231230_154001-300x225.jpg 300w, https:\/\/www.statekujelinku.com\/wp-content\/uploads\/2024\/01\/IMG_20231230_154001-768x576.jpg 768w, https:\/\/www.statekujelinku.com\/wp-content\/uploads\/2024\/01\/IMG_20231230_154001-1536x1152.jpg 1536w, https:\/\/www.statekujelinku.com\/wp-content\/uploads\/2024\/01\/IMG_20231230_154001-2048x1536.jpg 2048w\" sizes=\"auto, (max-width: 1024px) 100vw, 1024px\" \/><\/figure>\n\n\n\n<figure class=\"wp-block-image size-large\"><img loading=\"lazy\" decoding=\"async\" width=\"1024\" height=\"768\" src=\"http:\/\/www.statekujelinku.com\/wp-content\/uploads\/2025\/06\/IMG_20250530_133321-1024x768.jpg\" alt=\"\" class=\"wp-image-730\" srcset=\"https:\/\/www.statekujelinku.com\/wp-content\/uploads\/2025\/06\/IMG_20250530_133321-1024x768.jpg 1024w, https:\/\/www.statekujelinku.com\/wp-content\/uploads\/2025\/06\/IMG_20250530_133321-300x225.jpg 300w, https:\/\/www.statekujelinku.com\/wp-content\/uploads\/2025\/06\/IMG_20250530_133321-768x576.jpg 768w, https:\/\/www.statekujelinku.com\/wp-content\/uploads\/2025\/06\/IMG_20250530_133321-1536x1152.jpg 1536w, https:\/\/www.statekujelinku.com\/wp-content\/uploads\/2025\/06\/IMG_20250530_133321-2048x1536.jpg 2048w, https:\/\/www.statekujelinku.com\/wp-content\/uploads\/2025\/06\/IMG_20250530_133321-48x36.jpg 48w\" sizes=\"auto, (max-width: 1024px) 100vw, 1024px\" \/><\/figure>\n\n\n\n<figure class=\"wp-block-image size-large\"><img loading=\"lazy\" decoding=\"async\" width=\"1024\" height=\"768\" src=\"http:\/\/www.statekujelinku.com\/wp-content\/uploads\/2025\/06\/IMG_20250530_132939-1024x768.jpg\" alt=\"\" class=\"wp-image-728\" srcset=\"https:\/\/www.statekujelinku.com\/wp-content\/uploads\/2025\/06\/IMG_20250530_132939-1024x768.jpg 1024w, https:\/\/www.statekujelinku.com\/wp-content\/uploads\/2025\/06\/IMG_20250530_132939-300x225.jpg 300w, https:\/\/www.statekujelinku.com\/wp-content\/uploads\/2025\/06\/IMG_20250530_132939-768x576.jpg 768w, https:\/\/www.statekujelinku.com\/wp-content\/uploads\/2025\/06\/IMG_20250530_132939-1536x1152.jpg 1536w, https:\/\/www.statekujelinku.com\/wp-content\/uploads\/2025\/06\/IMG_20250530_132939-2048x1536.jpg 2048w, https:\/\/www.statekujelinku.com\/wp-content\/uploads\/2025\/06\/IMG_20250530_132939-48x36.jpg 48w\" sizes=\"auto, (max-width: 1024px) 100vw, 1024px\" \/><\/figure>\n\n\n\n<figure class=\"wp-block-image size-large\"><img loading=\"lazy\" decoding=\"async\" width=\"1024\" height=\"768\" src=\"http:\/\/www.statekujelinku.com\/wp-content\/uploads\/2025\/06\/IMG_20250530_133019-1024x768.jpg\" alt=\"\" class=\"wp-image-729\" srcset=\"https:\/\/www.statekujelinku.com\/wp-content\/uploads\/2025\/06\/IMG_20250530_133019-1024x768.jpg 1024w, https:\/\/www.statekujelinku.com\/wp-content\/uploads\/2025\/06\/IMG_20250530_133019-300x225.jpg 300w, https:\/\/www.statekujelinku.com\/wp-content\/uploads\/2025\/06\/IMG_20250530_133019-768x576.jpg 768w, https:\/\/www.statekujelinku.com\/wp-content\/uploads\/2025\/06\/IMG_20250530_133019-1536x1152.jpg 1536w, https:\/\/www.statekujelinku.com\/wp-content\/uploads\/2025\/06\/IMG_20250530_133019-2048x1536.jpg 2048w, https:\/\/www.statekujelinku.com\/wp-content\/uploads\/2025\/06\/IMG_20250530_133019-48x36.jpg 48w\" sizes=\"auto, (max-width: 1024px) 100vw, 1024px\" \/><\/figure>\n\n\n\n<figure class=\"wp-block-image size-large\"><img loading=\"lazy\" decoding=\"async\" width=\"1024\" height=\"768\" src=\"http:\/\/www.statekujelinku.com\/wp-content\/uploads\/2025\/06\/IMG_20250530_133338-1024x768.jpg\" alt=\"\" class=\"wp-image-731\" srcset=\"https:\/\/www.statekujelinku.com\/wp-content\/uploads\/2025\/06\/IMG_20250530_133338-1024x768.jpg 1024w, https:\/\/www.statekujelinku.com\/wp-content\/uploads\/2025\/06\/IMG_20250530_133338-300x225.jpg 300w, https:\/\/www.statekujelinku.com\/wp-content\/uploads\/2025\/06\/IMG_20250530_133338-768x576.jpg 768w, https:\/\/www.statekujelinku.com\/wp-content\/uploads\/2025\/06\/IMG_20250530_133338-1536x1152.jpg 1536w, https:\/\/www.statekujelinku.com\/wp-content\/uploads\/2025\/06\/IMG_20250530_133338-2048x1536.jpg 2048w, https:\/\/www.statekujelinku.com\/wp-content\/uploads\/2025\/06\/IMG_20250530_133338-48x36.jpg 48w\" sizes=\"auto, (max-width: 1024px) 100vw, 1024px\" \/><\/figure>\n","protected":false},"excerpt":{"rendered":"<p>Statek malovan\u00fd bratrem akademick\u00e9ho mal\u00ed\u0159e Ulmana<\/p>\n","protected":false},"author":1,"featured_media":18,"parent":0,"menu_order":0,"comment_status":"closed","ping_status":"closed","template":"","meta":{"footnotes":""},"class_list":["post-34","page","type-page","status-publish","has-post-thumbnail","hentry"],"_links":{"self":[{"href":"https:\/\/www.statekujelinku.com\/index.php?rest_route=\/wp\/v2\/pages\/34","targetHints":{"allow":["GET"]}}],"collection":[{"href":"https:\/\/www.statekujelinku.com\/index.php?rest_route=\/wp\/v2\/pages"}],"about":[{"href":"https:\/\/www.statekujelinku.com\/index.php?rest_route=\/wp\/v2\/types\/page"}],"author":[{"embeddable":true,"href":"https:\/\/www.statekujelinku.com\/index.php?rest_route=\/wp\/v2\/users\/1"}],"replies":[{"embeddable":true,"href":"https:\/\/www.statekujelinku.com\/index.php?rest_route=%2Fwp%2Fv2%2Fcomments&post=34"}],"version-history":[{"count":5,"href":"https:\/\/www.statekujelinku.com\/index.php?rest_route=\/wp\/v2\/pages\/34\/revisions"}],"predecessor-version":[{"id":732,"href":"https:\/\/www.statekujelinku.com\/index.php?rest_route=\/wp\/v2\/pages\/34\/revisions\/732"}],"wp:featuredmedia":[{"embeddable":true,"href":"https:\/\/www.statekujelinku.com\/index.php?rest_route=\/wp\/v2\/media\/18"}],"wp:attachment":[{"href":"https:\/\/www.statekujelinku.com\/index.php?rest_route=%2Fwp%2Fv2%2Fmedia&parent=34"}],"curies":[{"name":"wp","href":"https:\/\/api.w.org\/{rel}","templated":true}]}}