{"id":418,"date":"2024-03-16T22:09:07","date_gmt":"2024-03-16T22:09:07","guid":{"rendered":"https:\/\/www.statekujelinku.com\/?page_id=418"},"modified":"2026-03-12T13:46:32","modified_gmt":"2026-03-12T13:46:32","slug":"statek","status":"publish","type":"page","link":"https:\/\/www.statekujelinku.com\/","title":{"rendered":"\u00davod"},"content":{"rendered":"\n<div class=\"wp-block-cover aligncenter\"><img loading=\"lazy\" decoding=\"async\" width=\"850\" height=\"567\" class=\"wp-block-cover__image-background wp-image-443\" alt=\"\" src=\"http:\/\/www.statekujelinku.com\/wp-content\/uploads\/2024\/05\/back-jel.jpg\" data-object-fit=\"cover\" srcset=\"https:\/\/www.statekujelinku.com\/wp-content\/uploads\/2024\/05\/back-jel.jpg 850w, https:\/\/www.statekujelinku.com\/wp-content\/uploads\/2024\/05\/back-jel-300x200.jpg 300w, https:\/\/www.statekujelinku.com\/wp-content\/uploads\/2024\/05\/back-jel-768x512.jpg 768w, https:\/\/www.statekujelinku.com\/wp-content\/uploads\/2024\/05\/back-jel-48x32.jpg 48w\" sizes=\"auto, (max-width: 850px) 100vw, 850px\" \/><span aria-hidden=\"true\" class=\"wp-block-cover__background has-background-dim\" style=\"background-color:#564c37\"><\/span><div class=\"wp-block-cover__inner-container is-layout-flow wp-block-cover-is-layout-flow\">\n<p><strong>V\u00edtejte na statku<\/strong><\/p>\n\n\n\n<p>P\u0159ije\u010fte si odpo\u010dinout do p\u0159\u00edjemn\u00e9 venkovsk\u00e9 atmosf\u00e9ry, ochutnat poctiv\u00e9 dom\u00e1c\u00ed dobroty a u\u017e\u00edt si \u010das mezi zv\u00ed\u0159aty a kr\u00e1snou p\u0159\u00edrodou.<\/p>\n\n\n\n<p><strong>Co u n\u00e1s za\u017eijete<\/strong><\/p>\n\n\n\n<p>Na na\u0161em statku v\u00e1s \u010dek\u00e1 p\u0159\u00edjemn\u00e9 selsk\u00e9 prost\u0159ed\u00ed s posezen\u00edm v \u00fatuln\u00e9 kr\u010dm\u011b, kde nab\u00edz\u00edme tradi\u010dn\u00ed kuchyni a ob\u010derstven\u00ed. M\u016f\u017eete si prohl\u00e9dnout dv\u016fr pln\u00fd hodn\u00fdch hospod\u00e1\u0159sk\u00fdch zv\u00ed\u0159at, na\u010derpat klid venkova a na chv\u00edli zpomalit od ka\u017edodenn\u00edho shonu.<\/p>\n\n\n\n<p>Milovn\u00edk\u016fm p\u0159\u00edrody nab\u00edz\u00edme vyj\u00ed\u017e\u010fky na kon\u00edch po jednom z nejkr\u00e1sn\u011bj\u0161\u00edch kraj\u016f v okol\u00ed. Pokud rad\u011bji chod\u00edte p\u011b\u0161ky, m\u016f\u017eete se vydat na proch\u00e1zku kolem pastvin a po malebn\u00e9m okol\u00ed statku.<\/p>\n\n\n\n<p>Pro d\u011bti m\u00e1me p\u0159ipraven\u00e9 vyj\u00ed\u017e\u010fky na pon\u00edkovi nebo osl\u00edku p\u0159\u00edmo na dvo\u0159e \u2013 radost a nezapomenuteln\u00fd z\u00e1\u017eitek zaru\u010den.<\/p>\n\n\n\n<p>U n\u00e1s m\u016f\u017eete tak\u00e9 p\u0159espat v teepee v kr\u00e1sn\u00e9m p\u0159\u00edrodn\u00edm prost\u0159ed\u00ed (rezervace p\u0159es port\u00e1l BezKempu). Sou\u010d\u00e1st\u00ed statku je tak\u00e9 z\u00e1zem\u00ed pro lesn\u00ed spolek Hvozd\u00edk, kde funguje lesn\u00ed \u0161kolka v jurt\u011b.<\/p>\n\n\n\n<p>Hospoda\u0159\u00edme na 12 hektarech p\u016fdy a nab\u00edz\u00edme prodej ze dvora \u2013 \u017eivou sez\u00f3nn\u00ed dr\u016fbe\u017e, kozy, ovce a skot z vlastn\u00edho odchovu i \u010derstv\u00e1 dom\u00e1c\u00ed vejce.<\/p>\n\n\n\n<p><strong>Na \u010dem pracujeme do budoucna<\/strong><\/p>\n\n\n\n<p>St\u00e1le se rozv\u00edj\u00edme. Do budoucna p\u0159ipravujeme tr\u00e9ninky na kon\u00edch, vlastn\u00ed ml\u00e9k\u00e1rnu s farm\u00e1\u0159sk\u00fdmi produkty a tak\u00e9 pizzerii, kde si budete moci vychutnat poctiv\u00e9 j\u00eddlo p\u0159\u00edmo na statku.<\/p>\n\n\n\n<p><strong>P\u0159ije\u010fte si u\u017e\u00edt venkov tak, jak m\u00e1 b\u00fdt \u2013 s p\u0159\u00edrodou, zv\u00ed\u0159aty a pohodovou atmosf\u00e9rou.<\/strong><\/p>\n<\/div><\/div>\n","protected":false},"excerpt":{"rendered":"","protected":false},"author":1,"featured_media":0,"parent":0,"menu_order":0,"comment_status":"closed","ping_status":"closed","template":"","meta":{"footnotes":""},"class_list":["post-418","page","type-page","status-publish","hentry"],"_links":{"self":[{"href":"https:\/\/www.statekujelinku.com\/index.php?rest_route=\/wp\/v2\/pages\/418","targetHints":{"allow":["GET"]}}],"collection":[{"href":"https:\/\/www.statekujelinku.com\/index.php?rest_route=\/wp\/v2\/pages"}],"about":[{"href":"https:\/\/www.statekujelinku.com\/index.php?rest_route=\/wp\/v2\/types\/page"}],"author":[{"embeddable":true,"href":"https:\/\/www.statekujelinku.com\/index.php?rest_route=\/wp\/v2\/users\/1"}],"replies":[{"embeddable":true,"href":"https:\/\/www.statekujelinku.com\/index.php?rest_route=%2Fwp%2Fv2%2Fcomments&post=418"}],"version-history":[{"count":21,"href":"https:\/\/www.statekujelinku.com\/index.php?rest_route=\/wp\/v2\/pages\/418\/revisions"}],"predecessor-version":[{"id":945,"href":"https:\/\/www.statekujelinku.com\/index.php?rest_route=\/wp\/v2\/pages\/418\/revisions\/945"}],"wp:attachment":[{"href":"https:\/\/www.statekujelinku.com\/index.php?rest_route=%2Fwp%2Fv2%2Fmedia&parent=418"}],"curies":[{"name":"wp","href":"https:\/\/api.w.org\/{rel}","templated":true}]}}