{"id":549,"date":"2025-01-15T17:00:22","date_gmt":"2025-01-15T17:00:22","guid":{"rendered":"https:\/\/www.statekujelinku.com\/?page_id=549"},"modified":"2026-04-30T06:46:55","modified_gmt":"2026-04-30T06:46:55","slug":"jidelni-listek","status":"publish","type":"page","link":"https:\/\/www.statekujelinku.com\/?page_id=549","title":{"rendered":"J\u00eddeln\u00ed l\u00edstek denn\u00ed menu"},"content":{"rendered":"\n<p>Pou\u017e\u00edv\u00e1me v\u00fdhradn\u011b \u010derstv\u00e9 suroviny. Knedl\u00edky i dal\u0161\u00ed produkty poch\u00e1zej\u00ed z dom\u00e1c\u00ed v\u00fdroby, od farm\u00e1\u0159\u016f a tradi\u010dn\u00edch producent\u016f. Pr\u016fmyslov\u011b zpracovan\u00fdm potravin\u00e1m se vyh\u00fdb\u00e1me.<\/p>\n\n\n\n<div class=\"wp-block-cover\"><img loading=\"lazy\" decoding=\"async\" width=\"576\" height=\"1024\" class=\"wp-block-cover__image-background wp-image-550\" alt=\"\" src=\"https:\/\/www.statekujelinku.com\/wp-content\/uploads\/2025\/01\/pozadi-jidelak-576x1024.jpg\" data-object-fit=\"cover\" srcset=\"https:\/\/www.statekujelinku.com\/wp-content\/uploads\/2025\/01\/pozadi-jidelak-576x1024.jpg 576w, https:\/\/www.statekujelinku.com\/wp-content\/uploads\/2025\/01\/pozadi-jidelak-169x300.jpg 169w, https:\/\/www.statekujelinku.com\/wp-content\/uploads\/2025\/01\/pozadi-jidelak-768x1365.jpg 768w, https:\/\/www.statekujelinku.com\/wp-content\/uploads\/2025\/01\/pozadi-jidelak-864x1536.jpg 864w, https:\/\/www.statekujelinku.com\/wp-content\/uploads\/2025\/01\/pozadi-jidelak-48x85.jpg 48w, https:\/\/www.statekujelinku.com\/wp-content\/uploads\/2025\/01\/pozadi-jidelak.jpg 1152w\" sizes=\"auto, (max-width: 576px) 100vw, 576px\" \/><span aria-hidden=\"true\" class=\"wp-block-cover__background has-background-dim\"><\/span><div class=\"wp-block-cover__inner-container is-layout-flow wp-block-cover-is-layout-flow\">\n<p><strong>&nbsp;<\/strong><\/p>\n\n\n\n<p>J\u00eddeln\u00ed l\u00edstek          \u010dtvrtek 30.4.2026<\/p>\n\n\n\n<p>al.<\/p>\n\n\n\n<p><strong>P<\/strong><strong>ol\u00e9vka<\/strong><\/p>\n\n\n\n<p>Dr\u0161\u0165kov\u00e1 K\u010d 39,- 1<\/p>\n\n\n\n<p>Rajsk\u00e1 K\u010d 30,- 1,3<\/p>\n\n\n\n<p><strong>Hlavn\u00ed j\u00eddlo<\/strong><\/p>\n\n\n\n<p>Vep\u0159ov\u00e9 v\u00fdpe\u010dky,\u0161pen\u00e1t knedl\u00edk K\u010d 125,- 1,3,7<\/p>\n\n\n\n<p>\u017demlovka s tvarohem a jablky K\u010d 120,- 1,3,7<\/p>\n\n\n\n<p>Sma\u017een\u00fd ku\u0159ec\u00ed \u0159\u00edzek hranolky dom\u00e1c\u00ed tatarka K\u010d 125,- 1,3,7<\/p>\n\n\n\n<p>Sma\u017een\u00fd vep\u0159ov\u00fd \u0159\u00edzek hranolky dom\u00e1c\u00ed tatarka K\u010d 120,- 1,3,7<\/p>\n\n\n\n<p>Krabi\u010dka K\u010d 5,-<\/p>\n\n\n\n<p>Objedn\u00e1vat m\u016f\u017eete na tel.\u010d\u00edsle 739842281<\/p>\n\n\n\n<p>&nbsp;&nbsp;&nbsp;&nbsp;&nbsp;&nbsp;&nbsp;&nbsp;&nbsp;<\/p>\n\n\n\n<p>&nbsp;&nbsp;&nbsp;&nbsp;&nbsp;&nbsp;&nbsp;&nbsp;&nbsp;&nbsp;&nbsp;&nbsp;&nbsp;&nbsp;&nbsp;&nbsp;&nbsp;&nbsp;&nbsp;&nbsp;&nbsp;&nbsp;&nbsp;&nbsp;&nbsp;&nbsp;&nbsp;<\/p>\n\n\n\n<p class=\"has-text-align-center has-large-font-size\">&nbsp;&nbsp;&nbsp;&nbsp;&nbsp;&nbsp;&nbsp;&nbsp;&nbsp;&nbsp;&nbsp;&nbsp;&nbsp;&nbsp;&nbsp;&nbsp;&nbsp;&nbsp;&nbsp;&nbsp;&nbsp;&nbsp;&nbsp;&nbsp;&nbsp;<strong> &nbsp;&nbsp;&nbsp;&nbsp;&nbsp;&nbsp;&nbsp;<\/strong><\/p>\n<\/div><\/div>\n","protected":false},"excerpt":{"rendered":"<p>Pou\u017e\u00edv\u00e1me v\u00fdhradn\u011b \u010derstv\u00e9 suroviny. Knedl\u00edky i dal\u0161\u00ed produkty poch\u00e1zej\u00ed z dom\u00e1c\u00ed v\u00fdroby, od farm\u00e1\u0159\u016f a tradi\u010dn\u00edch producent\u016f. Pr\u016fmyslov\u011b zpracovan\u00fdm potravin\u00e1m se vyh\u00fdb\u00e1me.<\/p>\n","protected":false},"author":1,"featured_media":0,"parent":0,"menu_order":0,"comment_status":"closed","ping_status":"closed","template":"","meta":{"footnotes":""},"class_list":["post-549","page","type-page","status-publish","hentry"],"_links":{"self":[{"href":"https:\/\/www.statekujelinku.com\/index.php?rest_route=\/wp\/v2\/pages\/549","targetHints":{"allow":["GET"]}}],"collection":[{"href":"https:\/\/www.statekujelinku.com\/index.php?rest_route=\/wp\/v2\/pages"}],"about":[{"href":"https:\/\/www.statekujelinku.com\/index.php?rest_route=\/wp\/v2\/types\/page"}],"author":[{"embeddable":true,"href":"https:\/\/www.statekujelinku.com\/index.php?rest_route=\/wp\/v2\/users\/1"}],"replies":[{"embeddable":true,"href":"https:\/\/www.statekujelinku.com\/index.php?rest_route=%2Fwp%2Fv2%2Fcomments&post=549"}],"version-history":[{"count":280,"href":"https:\/\/www.statekujelinku.com\/index.php?rest_route=\/wp\/v2\/pages\/549\/revisions"}],"predecessor-version":[{"id":1002,"href":"https:\/\/www.statekujelinku.com\/index.php?rest_route=\/wp\/v2\/pages\/549\/revisions\/1002"}],"wp:attachment":[{"href":"https:\/\/www.statekujelinku.com\/index.php?rest_route=%2Fwp%2Fv2%2Fmedia&parent=549"}],"curies":[{"name":"wp","href":"https:\/\/api.w.org\/{rel}","templated":true}]}}