{"id":557,"date":"2025-01-15T18:05:04","date_gmt":"2025-01-15T18:05:04","guid":{"rendered":"https:\/\/www.statekujelinku.com\/?page_id=557"},"modified":"2025-01-16T16:02:42","modified_gmt":"2025-01-16T16:02:42","slug":"masecinani","status":"publish","type":"page","link":"https:\/\/www.statekujelinku.com\/?page_id=557","title":{"rendered":"MASE\u010c\u00cd\u0147ANI!!!"},"content":{"rendered":"\n<p>Nov\u00fd, zat\u00edm nezapsan\u00fd spolek, s nejasn\u00fdmi konturami a v\u0161ak vysok\u00fdmi, nebo \u017e\u00e1dn\u00fdmi ambicemi, zab\u00fdvaj\u00edc\u00ed se b\u016fh v\u00ed \u010d\u00edm, p\u0159i\u010dem\u017e jeho vlastn\u00ed vznik m\u016f\u017ee m\u00fdt pro spole\u010dnost nedoz\u00edrn\u00e9, nebo doz\u00edrn\u00e9, nebo v\u016fbec \u017e\u00e1dn\u00e9 n\u00e1stedky.<\/p>\n\n\n\n<figure class=\"wp-block-image size-large\"><img loading=\"lazy\" decoding=\"async\" width=\"1024\" height=\"1022\" src=\"https:\/\/www.statekujelinku.com\/wp-content\/uploads\/2025\/01\/logo-Masecinani2-1024x1022.jpg\" alt=\"\" class=\"wp-image-559\" srcset=\"https:\/\/www.statekujelinku.com\/wp-content\/uploads\/2025\/01\/logo-Masecinani2-1024x1022.jpg 1024w, https:\/\/www.statekujelinku.com\/wp-content\/uploads\/2025\/01\/logo-Masecinani2-300x300.jpg 300w, https:\/\/www.statekujelinku.com\/wp-content\/uploads\/2025\/01\/logo-Masecinani2-150x150.jpg 150w, https:\/\/www.statekujelinku.com\/wp-content\/uploads\/2025\/01\/logo-Masecinani2-768x767.jpg 768w, https:\/\/www.statekujelinku.com\/wp-content\/uploads\/2025\/01\/logo-Masecinani2-1536x1534.jpg 1536w, https:\/\/www.statekujelinku.com\/wp-content\/uploads\/2025\/01\/logo-Masecinani2-48x48.jpg 48w, https:\/\/www.statekujelinku.com\/wp-content\/uploads\/2025\/01\/logo-Masecinani2.jpg 1921w\" sizes=\"auto, (max-width: 1024px) 100vw, 1024px\" \/><\/figure>\n\n\n\n<figure class=\"wp-block-image size-large\"><img loading=\"lazy\" decoding=\"async\" width=\"1024\" height=\"768\" src=\"https:\/\/www.statekujelinku.com\/wp-content\/uploads\/2025\/01\/IMG_20201107_161935-1024x768.jpg\" alt=\"\" class=\"wp-image-570\" srcset=\"https:\/\/www.statekujelinku.com\/wp-content\/uploads\/2025\/01\/IMG_20201107_161935-1024x768.jpg 1024w, https:\/\/www.statekujelinku.com\/wp-content\/uploads\/2025\/01\/IMG_20201107_161935-300x225.jpg 300w, https:\/\/www.statekujelinku.com\/wp-content\/uploads\/2025\/01\/IMG_20201107_161935-768x576.jpg 768w, https:\/\/www.statekujelinku.com\/wp-content\/uploads\/2025\/01\/IMG_20201107_161935-1536x1152.jpg 1536w, https:\/\/www.statekujelinku.com\/wp-content\/uploads\/2025\/01\/IMG_20201107_161935-2048x1536.jpg 2048w, https:\/\/www.statekujelinku.com\/wp-content\/uploads\/2025\/01\/IMG_20201107_161935-48x36.jpg 48w\" sizes=\"auto, (max-width: 1024px) 100vw, 1024px\" \/><\/figure>\n\n\n\n<h2 class=\"wp-block-heading\">Houba\u0159en\u00ed v Sapsk\u00fdch les\u00edch<\/h2>\n\n\n\n<figure class=\"wp-block-image size-large\"><img loading=\"lazy\" decoding=\"async\" width=\"1024\" height=\"768\" src=\"https:\/\/www.statekujelinku.com\/wp-content\/uploads\/2025\/01\/IMG_20241004_100328-1024x768.jpg\" alt=\"\" class=\"wp-image-571\" srcset=\"https:\/\/www.statekujelinku.com\/wp-content\/uploads\/2025\/01\/IMG_20241004_100328-1024x768.jpg 1024w, https:\/\/www.statekujelinku.com\/wp-content\/uploads\/2025\/01\/IMG_20241004_100328-300x225.jpg 300w, https:\/\/www.statekujelinku.com\/wp-content\/uploads\/2025\/01\/IMG_20241004_100328-768x576.jpg 768w, https:\/\/www.statekujelinku.com\/wp-content\/uploads\/2025\/01\/IMG_20241004_100328-1536x1152.jpg 1536w, https:\/\/www.statekujelinku.com\/wp-content\/uploads\/2025\/01\/IMG_20241004_100328-2048x1536.jpg 2048w, https:\/\/www.statekujelinku.com\/wp-content\/uploads\/2025\/01\/IMG_20241004_100328-48x36.jpg 48w\" sizes=\"auto, (max-width: 1024px) 100vw, 1024px\" \/><\/figure>\n\n\n\n<figure class=\"wp-block-image size-large\"><img loading=\"lazy\" decoding=\"async\" width=\"768\" height=\"1024\" src=\"https:\/\/www.statekujelinku.com\/wp-content\/uploads\/2025\/01\/IMG_20241006_151219-768x1024.jpg\" alt=\"\" class=\"wp-image-572\" srcset=\"https:\/\/www.statekujelinku.com\/wp-content\/uploads\/2025\/01\/IMG_20241006_151219-768x1024.jpg 768w, https:\/\/www.statekujelinku.com\/wp-content\/uploads\/2025\/01\/IMG_20241006_151219-225x300.jpg 225w, https:\/\/www.statekujelinku.com\/wp-content\/uploads\/2025\/01\/IMG_20241006_151219-1152x1536.jpg 1152w, https:\/\/www.statekujelinku.com\/wp-content\/uploads\/2025\/01\/IMG_20241006_151219-1536x2048.jpg 1536w, https:\/\/www.statekujelinku.com\/wp-content\/uploads\/2025\/01\/IMG_20241006_151219-48x64.jpg 48w, https:\/\/www.statekujelinku.com\/wp-content\/uploads\/2025\/01\/IMG_20241006_151219-scaled.jpg 1920w\" sizes=\"auto, (max-width: 768px) 100vw, 768px\" \/><\/figure>\n\n\n\n<figure class=\"wp-block-image size-large\"><img loading=\"lazy\" decoding=\"async\" width=\"768\" height=\"1024\" src=\"https:\/\/www.statekujelinku.com\/wp-content\/uploads\/2025\/01\/IMG_20241009_160801-768x1024.jpg\" alt=\"\" class=\"wp-image-574\" srcset=\"https:\/\/www.statekujelinku.com\/wp-content\/uploads\/2025\/01\/IMG_20241009_160801-768x1024.jpg 768w, https:\/\/www.statekujelinku.com\/wp-content\/uploads\/2025\/01\/IMG_20241009_160801-225x300.jpg 225w, https:\/\/www.statekujelinku.com\/wp-content\/uploads\/2025\/01\/IMG_20241009_160801-1152x1536.jpg 1152w, https:\/\/www.statekujelinku.com\/wp-content\/uploads\/2025\/01\/IMG_20241009_160801-1536x2048.jpg 1536w, https:\/\/www.statekujelinku.com\/wp-content\/uploads\/2025\/01\/IMG_20241009_160801-48x64.jpg 48w, https:\/\/www.statekujelinku.com\/wp-content\/uploads\/2025\/01\/IMG_20241009_160801-scaled.jpg 1920w\" sizes=\"auto, (max-width: 768px) 100vw, 768px\" \/><\/figure>\n\n\n\n<figure class=\"wp-block-image size-large\"><img loading=\"lazy\" decoding=\"async\" width=\"768\" height=\"1024\" src=\"https:\/\/www.statekujelinku.com\/wp-content\/uploads\/2025\/01\/IMG_20241009_160811-768x1024.jpg\" alt=\"\" class=\"wp-image-575\" srcset=\"https:\/\/www.statekujelinku.com\/wp-content\/uploads\/2025\/01\/IMG_20241009_160811-768x1024.jpg 768w, https:\/\/www.statekujelinku.com\/wp-content\/uploads\/2025\/01\/IMG_20241009_160811-225x300.jpg 225w, https:\/\/www.statekujelinku.com\/wp-content\/uploads\/2025\/01\/IMG_20241009_160811-1152x1536.jpg 1152w, https:\/\/www.statekujelinku.com\/wp-content\/uploads\/2025\/01\/IMG_20241009_160811-1536x2048.jpg 1536w, https:\/\/www.statekujelinku.com\/wp-content\/uploads\/2025\/01\/IMG_20241009_160811-48x64.jpg 48w, https:\/\/www.statekujelinku.com\/wp-content\/uploads\/2025\/01\/IMG_20241009_160811-scaled.jpg 1920w\" sizes=\"auto, (max-width: 768px) 100vw, 768px\" \/><\/figure>\n\n\n\n<h2 class=\"wp-block-heading\">Ka\u017edoro\u010dn\u00ed p\u0159edv\u00e1no\u010dn\u00ed proch\u00e1zka Prahou 8m\u00fd ro\u010dn\u00edk<\/h2>\n\n\n\n<figure class=\"wp-block-image size-large\"><img loading=\"lazy\" decoding=\"async\" width=\"768\" height=\"1024\" src=\"https:\/\/www.statekujelinku.com\/wp-content\/uploads\/2025\/01\/IMG_20241216_204858-768x1024.jpg\" alt=\"\" class=\"wp-image-576\" srcset=\"https:\/\/www.statekujelinku.com\/wp-content\/uploads\/2025\/01\/IMG_20241216_204858-768x1024.jpg 768w, https:\/\/www.statekujelinku.com\/wp-content\/uploads\/2025\/01\/IMG_20241216_204858-225x300.jpg 225w, https:\/\/www.statekujelinku.com\/wp-content\/uploads\/2025\/01\/IMG_20241216_204858-1152x1536.jpg 1152w, https:\/\/www.statekujelinku.com\/wp-content\/uploads\/2025\/01\/IMG_20241216_204858-1536x2048.jpg 1536w, https:\/\/www.statekujelinku.com\/wp-content\/uploads\/2025\/01\/IMG_20241216_204858-48x64.jpg 48w, https:\/\/www.statekujelinku.com\/wp-content\/uploads\/2025\/01\/IMG_20241216_204858-scaled.jpg 1920w\" sizes=\"auto, (max-width: 768px) 100vw, 768px\" \/><\/figure>\n\n\n\n<figure class=\"wp-block-image size-large\"><img loading=\"lazy\" decoding=\"async\" width=\"1024\" height=\"768\" src=\"https:\/\/www.statekujelinku.com\/wp-content\/uploads\/2025\/01\/IMG_20241216_204937-1024x768.jpg\" alt=\"\" class=\"wp-image-577\" srcset=\"https:\/\/www.statekujelinku.com\/wp-content\/uploads\/2025\/01\/IMG_20241216_204937-1024x768.jpg 1024w, https:\/\/www.statekujelinku.com\/wp-content\/uploads\/2025\/01\/IMG_20241216_204937-300x225.jpg 300w, https:\/\/www.statekujelinku.com\/wp-content\/uploads\/2025\/01\/IMG_20241216_204937-768x576.jpg 768w, https:\/\/www.statekujelinku.com\/wp-content\/uploads\/2025\/01\/IMG_20241216_204937-1536x1152.jpg 1536w, https:\/\/www.statekujelinku.com\/wp-content\/uploads\/2025\/01\/IMG_20241216_204937-2048x1536.jpg 2048w, https:\/\/www.statekujelinku.com\/wp-content\/uploads\/2025\/01\/IMG_20241216_204937-48x36.jpg 48w\" sizes=\"auto, (max-width: 1024px) 100vw, 1024px\" \/><\/figure>\n\n\n\n<h2 class=\"wp-block-heading\">Ka\u017edoro\u010dn\u00ed pochod do trampsk\u00e9 hospody u Tat\u00e9t\u016f. Zakon\u010den\u00ed v osadn\u00ed chat\u011b, osady Havran.<\/h2>\n\n\n\n<figure class=\"wp-block-image size-large\"><img loading=\"lazy\" decoding=\"async\" width=\"1024\" height=\"768\" src=\"https:\/\/www.statekujelinku.com\/wp-content\/uploads\/2025\/01\/IMG_20241228_090744-1024x768.jpg\" alt=\"\" class=\"wp-image-579\" srcset=\"https:\/\/www.statekujelinku.com\/wp-content\/uploads\/2025\/01\/IMG_20241228_090744-1024x768.jpg 1024w, https:\/\/www.statekujelinku.com\/wp-content\/uploads\/2025\/01\/IMG_20241228_090744-300x225.jpg 300w, https:\/\/www.statekujelinku.com\/wp-content\/uploads\/2025\/01\/IMG_20241228_090744-768x576.jpg 768w, https:\/\/www.statekujelinku.com\/wp-content\/uploads\/2025\/01\/IMG_20241228_090744-1536x1152.jpg 1536w, https:\/\/www.statekujelinku.com\/wp-content\/uploads\/2025\/01\/IMG_20241228_090744-2048x1536.jpg 2048w, https:\/\/www.statekujelinku.com\/wp-content\/uploads\/2025\/01\/IMG_20241228_090744-48x36.jpg 48w\" sizes=\"auto, (max-width: 1024px) 100vw, 1024px\" \/><\/figure>\n\n\n\n<figure class=\"wp-block-image size-large\"><img loading=\"lazy\" decoding=\"async\" width=\"1024\" height=\"768\" src=\"https:\/\/www.statekujelinku.com\/wp-content\/uploads\/2025\/01\/IMG_20241228_091208-1024x768.jpg\" alt=\"\" class=\"wp-image-580\" srcset=\"https:\/\/www.statekujelinku.com\/wp-content\/uploads\/2025\/01\/IMG_20241228_091208-1024x768.jpg 1024w, https:\/\/www.statekujelinku.com\/wp-content\/uploads\/2025\/01\/IMG_20241228_091208-300x225.jpg 300w, https:\/\/www.statekujelinku.com\/wp-content\/uploads\/2025\/01\/IMG_20241228_091208-768x576.jpg 768w, https:\/\/www.statekujelinku.com\/wp-content\/uploads\/2025\/01\/IMG_20241228_091208-1536x1152.jpg 1536w, https:\/\/www.statekujelinku.com\/wp-content\/uploads\/2025\/01\/IMG_20241228_091208-2048x1536.jpg 2048w, https:\/\/www.statekujelinku.com\/wp-content\/uploads\/2025\/01\/IMG_20241228_091208-48x36.jpg 48w\" sizes=\"auto, (max-width: 1024px) 100vw, 1024px\" \/><\/figure>\n\n\n\n<figure class=\"wp-block-image size-large\"><img loading=\"lazy\" decoding=\"async\" width=\"1024\" height=\"768\" src=\"https:\/\/www.statekujelinku.com\/wp-content\/uploads\/2025\/01\/IMG_20241228_101604-1024x768.jpg\" alt=\"\" class=\"wp-image-581\" srcset=\"https:\/\/www.statekujelinku.com\/wp-content\/uploads\/2025\/01\/IMG_20241228_101604-1024x768.jpg 1024w, https:\/\/www.statekujelinku.com\/wp-content\/uploads\/2025\/01\/IMG_20241228_101604-300x225.jpg 300w, https:\/\/www.statekujelinku.com\/wp-content\/uploads\/2025\/01\/IMG_20241228_101604-768x576.jpg 768w, https:\/\/www.statekujelinku.com\/wp-content\/uploads\/2025\/01\/IMG_20241228_101604-1536x1152.jpg 1536w, https:\/\/www.statekujelinku.com\/wp-content\/uploads\/2025\/01\/IMG_20241228_101604-2048x1536.jpg 2048w, https:\/\/www.statekujelinku.com\/wp-content\/uploads\/2025\/01\/IMG_20241228_101604-48x36.jpg 48w\" sizes=\"auto, (max-width: 1024px) 100vw, 1024px\" \/><\/figure>\n\n\n\n<figure class=\"wp-block-image size-large\"><img loading=\"lazy\" decoding=\"async\" width=\"768\" height=\"1024\" src=\"https:\/\/www.statekujelinku.com\/wp-content\/uploads\/2025\/01\/IMG_20241228_101901-768x1024.jpg\" alt=\"\" class=\"wp-image-582\" srcset=\"https:\/\/www.statekujelinku.com\/wp-content\/uploads\/2025\/01\/IMG_20241228_101901-768x1024.jpg 768w, https:\/\/www.statekujelinku.com\/wp-content\/uploads\/2025\/01\/IMG_20241228_101901-225x300.jpg 225w, https:\/\/www.statekujelinku.com\/wp-content\/uploads\/2025\/01\/IMG_20241228_101901-1152x1536.jpg 1152w, https:\/\/www.statekujelinku.com\/wp-content\/uploads\/2025\/01\/IMG_20241228_101901-1536x2048.jpg 1536w, https:\/\/www.statekujelinku.com\/wp-content\/uploads\/2025\/01\/IMG_20241228_101901-48x64.jpg 48w, https:\/\/www.statekujelinku.com\/wp-content\/uploads\/2025\/01\/IMG_20241228_101901-scaled.jpg 1920w\" sizes=\"auto, (max-width: 768px) 100vw, 768px\" \/><\/figure>\n\n\n\n<figure class=\"wp-block-image size-large\"><img loading=\"lazy\" decoding=\"async\" width=\"1024\" height=\"768\" src=\"https:\/\/www.statekujelinku.com\/wp-content\/uploads\/2025\/01\/IMG_20241228_105151-1024x768.jpg\" alt=\"\" class=\"wp-image-583\" srcset=\"https:\/\/www.statekujelinku.com\/wp-content\/uploads\/2025\/01\/IMG_20241228_105151-1024x768.jpg 1024w, https:\/\/www.statekujelinku.com\/wp-content\/uploads\/2025\/01\/IMG_20241228_105151-300x225.jpg 300w, https:\/\/www.statekujelinku.com\/wp-content\/uploads\/2025\/01\/IMG_20241228_105151-768x576.jpg 768w, https:\/\/www.statekujelinku.com\/wp-content\/uploads\/2025\/01\/IMG_20241228_105151-1536x1152.jpg 1536w, https:\/\/www.statekujelinku.com\/wp-content\/uploads\/2025\/01\/IMG_20241228_105151-2048x1536.jpg 2048w, https:\/\/www.statekujelinku.com\/wp-content\/uploads\/2025\/01\/IMG_20241228_105151-48x36.jpg 48w\" sizes=\"auto, (max-width: 1024px) 100vw, 1024px\" \/><\/figure>\n\n\n\n<figure class=\"wp-block-image size-large\"><img loading=\"lazy\" decoding=\"async\" width=\"1024\" height=\"768\" src=\"https:\/\/www.statekujelinku.com\/wp-content\/uploads\/2025\/01\/IMG_20241228_115302-1024x768.jpg\" alt=\"\" class=\"wp-image-584\" srcset=\"https:\/\/www.statekujelinku.com\/wp-content\/uploads\/2025\/01\/IMG_20241228_115302-1024x768.jpg 1024w, https:\/\/www.statekujelinku.com\/wp-content\/uploads\/2025\/01\/IMG_20241228_115302-300x225.jpg 300w, https:\/\/www.statekujelinku.com\/wp-content\/uploads\/2025\/01\/IMG_20241228_115302-768x576.jpg 768w, https:\/\/www.statekujelinku.com\/wp-content\/uploads\/2025\/01\/IMG_20241228_115302-1536x1152.jpg 1536w, https:\/\/www.statekujelinku.com\/wp-content\/uploads\/2025\/01\/IMG_20241228_115302-2048x1536.jpg 2048w, https:\/\/www.statekujelinku.com\/wp-content\/uploads\/2025\/01\/IMG_20241228_115302-48x36.jpg 48w\" sizes=\"auto, (max-width: 1024px) 100vw, 1024px\" \/><\/figure>\n\n\n\n<figure class=\"wp-block-image size-large\"><img loading=\"lazy\" decoding=\"async\" width=\"1024\" height=\"768\" src=\"https:\/\/www.statekujelinku.com\/wp-content\/uploads\/2025\/01\/IMG_20241228_120837-1024x768.jpg\" alt=\"\" class=\"wp-image-585\" srcset=\"https:\/\/www.statekujelinku.com\/wp-content\/uploads\/2025\/01\/IMG_20241228_120837-1024x768.jpg 1024w, https:\/\/www.statekujelinku.com\/wp-content\/uploads\/2025\/01\/IMG_20241228_120837-300x225.jpg 300w, https:\/\/www.statekujelinku.com\/wp-content\/uploads\/2025\/01\/IMG_20241228_120837-768x576.jpg 768w, https:\/\/www.statekujelinku.com\/wp-content\/uploads\/2025\/01\/IMG_20241228_120837-1536x1152.jpg 1536w, https:\/\/www.statekujelinku.com\/wp-content\/uploads\/2025\/01\/IMG_20241228_120837-2048x1536.jpg 2048w, https:\/\/www.statekujelinku.com\/wp-content\/uploads\/2025\/01\/IMG_20241228_120837-48x36.jpg 48w\" sizes=\"auto, (max-width: 1024px) 100vw, 1024px\" \/><\/figure>\n\n\n\n<h2 class=\"wp-block-heading\">Bruslen\u00ed na rybn\u00edku ve Hvozdech<\/h2>\n\n\n\n<figure class=\"wp-block-image size-large\"><img loading=\"lazy\" decoding=\"async\" width=\"768\" height=\"1024\" src=\"https:\/\/www.statekujelinku.com\/wp-content\/uploads\/2025\/01\/IMG_20241230_151255-768x1024.jpg\" alt=\"\" class=\"wp-image-586\" srcset=\"https:\/\/www.statekujelinku.com\/wp-content\/uploads\/2025\/01\/IMG_20241230_151255-768x1024.jpg 768w, https:\/\/www.statekujelinku.com\/wp-content\/uploads\/2025\/01\/IMG_20241230_151255-225x300.jpg 225w, https:\/\/www.statekujelinku.com\/wp-content\/uploads\/2025\/01\/IMG_20241230_151255-1152x1536.jpg 1152w, https:\/\/www.statekujelinku.com\/wp-content\/uploads\/2025\/01\/IMG_20241230_151255-1536x2048.jpg 1536w, https:\/\/www.statekujelinku.com\/wp-content\/uploads\/2025\/01\/IMG_20241230_151255-48x64.jpg 48w, https:\/\/www.statekujelinku.com\/wp-content\/uploads\/2025\/01\/IMG_20241230_151255-scaled.jpg 1920w\" sizes=\"auto, (max-width: 768px) 100vw, 768px\" \/><\/figure>\n\n\n\n<figure class=\"wp-block-image size-large\"><img loading=\"lazy\" decoding=\"async\" width=\"768\" height=\"1024\" src=\"https:\/\/www.statekujelinku.com\/wp-content\/uploads\/2025\/01\/IMG_20241230_151312-768x1024.jpg\" alt=\"\" class=\"wp-image-587\" srcset=\"https:\/\/www.statekujelinku.com\/wp-content\/uploads\/2025\/01\/IMG_20241230_151312-768x1024.jpg 768w, https:\/\/www.statekujelinku.com\/wp-content\/uploads\/2025\/01\/IMG_20241230_151312-225x300.jpg 225w, https:\/\/www.statekujelinku.com\/wp-content\/uploads\/2025\/01\/IMG_20241230_151312-1152x1536.jpg 1152w, https:\/\/www.statekujelinku.com\/wp-content\/uploads\/2025\/01\/IMG_20241230_151312-1536x2048.jpg 1536w, https:\/\/www.statekujelinku.com\/wp-content\/uploads\/2025\/01\/IMG_20241230_151312-48x64.jpg 48w, https:\/\/www.statekujelinku.com\/wp-content\/uploads\/2025\/01\/IMG_20241230_151312-scaled.jpg 1920w\" sizes=\"auto, (max-width: 768px) 100vw, 768px\" \/><\/figure>\n","protected":false},"excerpt":{"rendered":"<p>Nov\u00fd, zat\u00edm nezapsan\u00fd spolek, s nejasn\u00fdmi konturami a v\u0161ak vysok\u00fdmi, nebo \u017e\u00e1dn\u00fdmi ambicemi, zab\u00fdvaj\u00edc\u00ed se b\u016fh v\u00ed \u010d\u00edm, p\u0159i\u010dem\u017e jeho vlastn\u00ed vznik m\u016f\u017ee m\u00fdt pro spole\u010dnost nedoz\u00edrn\u00e9, nebo doz\u00edrn\u00e9, nebo v\u016fbec \u017e\u00e1dn\u00e9 n\u00e1stedky. Houba\u0159en\u00ed v Sapsk\u00fdch les\u00edch Ka\u017edoro\u010dn\u00ed p\u0159edv\u00e1no\u010dn\u00ed proch\u00e1zka Prahou 8m\u00fd ro\u010dn\u00edk Ka\u017edoro\u010dn\u00ed pochod do trampsk\u00e9 hospody u Tat\u00e9t\u016f. Zakon\u010den\u00ed v osadn\u00ed chat\u011b, osady &hellip;<\/p>\n<p class=\"read-more\"> <a class=\" thunk-readmore button \" href=\"https:\/\/www.statekujelinku.com\/?page_id=557\"> <span class=\"screen-reader-text\">MASE\u010c\u00cd\u0147ANI!!!<\/span>Read More<\/a><\/p>\n","protected":false},"author":1,"featured_media":0,"parent":0,"menu_order":0,"comment_status":"closed","ping_status":"closed","template":"","meta":{"footnotes":""},"class_list":["post-557","page","type-page","status-publish","hentry"],"_links":{"self":[{"href":"https:\/\/www.statekujelinku.com\/index.php?rest_route=\/wp\/v2\/pages\/557","targetHints":{"allow":["GET"]}}],"collection":[{"href":"https:\/\/www.statekujelinku.com\/index.php?rest_route=\/wp\/v2\/pages"}],"about":[{"href":"https:\/\/www.statekujelinku.com\/index.php?rest_route=\/wp\/v2\/types\/page"}],"author":[{"embeddable":true,"href":"https:\/\/www.statekujelinku.com\/index.php?rest_route=\/wp\/v2\/users\/1"}],"replies":[{"embeddable":true,"href":"https:\/\/www.statekujelinku.com\/index.php?rest_route=%2Fwp%2Fv2%2Fcomments&post=557"}],"version-history":[{"count":5,"href":"https:\/\/www.statekujelinku.com\/index.php?rest_route=\/wp\/v2\/pages\/557\/revisions"}],"predecessor-version":[{"id":590,"href":"https:\/\/www.statekujelinku.com\/index.php?rest_route=\/wp\/v2\/pages\/557\/revisions\/590"}],"wp:attachment":[{"href":"https:\/\/www.statekujelinku.com\/index.php?rest_route=%2Fwp%2Fv2%2Fmedia&parent=557"}],"curies":[{"name":"wp","href":"https:\/\/api.w.org\/{rel}","templated":true}]}}